{"id":428,"date":"2024-08-22T09:36:56","date_gmt":"2024-08-22T06:36:56","guid":{"rendered":"https:\/\/abidinderki.com\/ikinciel\/?post_type=product&#038;p=428"},"modified":"2026-01-14T13:36:34","modified_gmt":"2026-01-14T10:36:34","slug":"cikma-renkli-demir-varil-ikinci-el-mavi-kirmizi-varil","status":"publish","type":"product","link":"https:\/\/abidinderki.com\/ikinciel\/urun\/cikma-renkli-demir-varil-ikinci-el-mavi-kirmizi-varil\/","title":{"rendered":"\u00c7\u0131kma renkli demir varil ikinci el mavi k\u0131rm\u0131z\u0131 varil"},"content":{"rendered":"<p><img loading=\"lazy\" decoding=\"async\" src=\"https:\/\/abidinderki.com\/ikinciel\/wp-content\/uploads\/2024\/08\/ikinci-el-mavi-kirmizi-varil-2.png\" alt=\"\" width=\"967\" height=\"635\" class=\"aligncenter size-full wp-image-429\" title=\"\" srcset=\"https:\/\/abidinderki.com\/ikinciel\/wp-content\/uploads\/2024\/08\/ikinci-el-mavi-kirmizi-varil-2.png 967w, https:\/\/abidinderki.com\/ikinciel\/wp-content\/uploads\/2024\/08\/ikinci-el-mavi-kirmizi-varil-2-300x197.png 300w, https:\/\/abidinderki.com\/ikinciel\/wp-content\/uploads\/2024\/08\/ikinci-el-mavi-kirmizi-varil-2-768x504.png 768w, https:\/\/abidinderki.com\/ikinciel\/wp-content\/uploads\/2024\/08\/ikinci-el-mavi-kirmizi-varil-2-600x394.png 600w\" sizes=\"auto, (max-width: 967px) 100vw, 967px\" \/><\/p>\n<p><img loading=\"lazy\" decoding=\"async\" src=\"https:\/\/abidinderki.com\/ikinciel\/wp-content\/uploads\/2024\/08\/ikinci-el-mavi-kirmizi-varil-1.png\" alt=\"\" width=\"945\" height=\"628\" class=\"aligncenter size-full wp-image-430\" title=\"\" srcset=\"https:\/\/abidinderki.com\/ikinciel\/wp-content\/uploads\/2024\/08\/ikinci-el-mavi-kirmizi-varil-1.png 945w, https:\/\/abidinderki.com\/ikinciel\/wp-content\/uploads\/2024\/08\/ikinci-el-mavi-kirmizi-varil-1-300x199.png 300w, https:\/\/abidinderki.com\/ikinciel\/wp-content\/uploads\/2024\/08\/ikinci-el-mavi-kirmizi-varil-1-768x510.png 768w, https:\/\/abidinderki.com\/ikinciel\/wp-content\/uploads\/2024\/08\/ikinci-el-mavi-kirmizi-varil-1-600x399.png 600w\" sizes=\"auto, (max-width: 945px) 100vw, 945px\" \/><\/p>\n","protected":false},"excerpt":{"rendered":"<p>ikinci el mavi k\u0131rm\u0131z\u0131 varil Bidon, Varil &#038; \u015ei\u015fe \u00c7\u0131kma plastik varil, k\u00fc\u00e7\u00fck \u00e7ift kapakl\u0131 veya b\u00fcy\u00fck tek kapakl\u0131, mavi renkli. Plastik Varil (\u00c7\u0131kma &#8211; \u00c7e\u015fitleri Plastik \u00e7\u00f6p bidonu ise k\u0131rm\u0131z\u0131, mavi, ye\u015fil gibi farkl\u0131 renklerden olu\u015fan genellikle b\u00fcy\u00fck Kuzeyden damacana. 100 TL. \u0130stanbul, K\u00fc\u00e7\u00fck\u00e7ekmece ; 40 cc sise<\/p>\n","protected":false},"featured_media":430,"comment_status":"open","ping_status":"closed","template":"","meta":[],"product_brand":[],"product_cat":[32,15],"product_tag":[],"class_list":{"0":"post-428","1":"product","2":"type-product","3":"status-publish","4":"has-post-thumbnail","6":"product_cat-ikinci-el-mobilya","7":"product_cat-ikinci-el-esya","9":"first","10":"instock","11":"sale","12":"shipping-taxable","13":"purchasable","14":"product-type-simple"},"_links":{"self":[{"href":"https:\/\/abidinderki.com\/ikinciel\/wp-json\/wp\/v2\/product\/428","targetHints":{"allow":["GET"]}}],"collection":[{"href":"https:\/\/abidinderki.com\/ikinciel\/wp-json\/wp\/v2\/product"}],"about":[{"href":"https:\/\/abidinderki.com\/ikinciel\/wp-json\/wp\/v2\/types\/product"}],"replies":[{"embeddable":true,"href":"https:\/\/abidinderki.com\/ikinciel\/wp-json\/wp\/v2\/comments?post=428"}],"wp:featuredmedia":[{"embeddable":true,"href":"https:\/\/abidinderki.com\/ikinciel\/wp-json\/wp\/v2\/media\/430"}],"wp:attachment":[{"href":"https:\/\/abidinderki.com\/ikinciel\/wp-json\/wp\/v2\/media?parent=428"}],"wp:term":[{"taxonomy":"product_brand","embeddable":true,"href":"https:\/\/abidinderki.com\/ikinciel\/wp-json\/wp\/v2\/product_brand?post=428"},{"taxonomy":"product_cat","embeddable":true,"href":"https:\/\/abidinderki.com\/ikinciel\/wp-json\/wp\/v2\/product_cat?post=428"},{"taxonomy":"product_tag","embeddable":true,"href":"https:\/\/abidinderki.com\/ikinciel\/wp-json\/wp\/v2\/product_tag?post=428"}],"curies":[{"name":"wp","href":"https:\/\/api.w.org\/{rel}","templated":true}]}}

Çıkma renkli demir varil ikinci el mavi kırmızı varil

<p>ikinci el mavi kırmızı varil Bidon, Varil &#038; Şişe Çıkma plastik varil, küçük çift kapaklı veya büyük tek kapaklı, mavi renkli. Plastik Varil (Çıkma &#8211; Çeşitleri Plastik çöp bidonu ise kırmızı, mavi, yeşil gibi farklı renklerden oluşan genellikle büyük Kuzeyden damacana. 100 TL. İstanbul, Küçükçekmece ; 40 cc sise</p>
