{"id":431,"date":"2024-08-22T14:25:27","date_gmt":"2024-08-22T11:25:27","guid":{"rendered":"https:\/\/abidinderki.com\/ikinciel\/?post_type=product&#038;p=431"},"modified":"2026-01-14T13:36:24","modified_gmt":"2026-01-14T10:36:24","slug":"ikea-sallanan-koltuk-saglam-ve-kaliteli-tv-koltugu-dinlenme","status":"publish","type":"product","link":"https:\/\/abidinderki.com\/ikinciel\/urun\/ikea-sallanan-koltuk-saglam-ve-kaliteli-tv-koltugu-dinlenme\/","title":{"rendered":"\u0130kea sallanan koltuk sa\u011flam ve kaliteli tv koltu\u011fu dinlenme"},"content":{"rendered":"<p><img loading=\"lazy\" decoding=\"async\" src=\"https:\/\/abidinderki.com\/ikinciel\/wp-content\/uploads\/2024\/08\/Ikea-sallanan-koltuk-saglam-1.png\" alt=\"\" width=\"539\" height=\"632\" class=\"aligncenter size-full wp-image-432\" title=\"\" srcset=\"https:\/\/abidinderki.com\/ikinciel\/wp-content\/uploads\/2024\/08\/Ikea-sallanan-koltuk-saglam-1.png 539w, https:\/\/abidinderki.com\/ikinciel\/wp-content\/uploads\/2024\/08\/Ikea-sallanan-koltuk-saglam-1-256x300.png 256w\" sizes=\"auto, (max-width: 539px) 100vw, 539px\" \/><\/p>\n<p><img loading=\"lazy\" decoding=\"async\" src=\"https:\/\/abidinderki.com\/ikinciel\/wp-content\/uploads\/2024\/08\/Ikea-sallanan-koltuk-saglam-2.png\" alt=\"\" width=\"577\" height=\"635\" class=\"aligncenter size-full wp-image-433\" title=\"\" srcset=\"https:\/\/abidinderki.com\/ikinciel\/wp-content\/uploads\/2024\/08\/Ikea-sallanan-koltuk-saglam-2.png 577w, https:\/\/abidinderki.com\/ikinciel\/wp-content\/uploads\/2024\/08\/Ikea-sallanan-koltuk-saglam-2-273x300.png 273w\" sizes=\"auto, (max-width: 577px) 100vw, 577px\" \/><\/p>\n","protected":false},"excerpt":{"rendered":"<p><strong>\u0130kea sallanan koltuk sa\u011flam Bu koltuklar,<\/strong> herhangi bir Ikea Sallanan Sandalye ka\u00e7 kilo ta\u015f\u0131r?<br \/>\nIKEA sallanan koltuk minderi y\u0131kan\u0131r m\u0131? Sallanan koltu\u011fa ne denir? PO\u00c4NG koltuk, boyun i\u00e7in g\u00fczel bir destek ve rahat bir esneklik sa\u011flayan b\u00fck\u00fclm\u00fc\u015f<br \/>\nodan\u0131n merkezi bir par\u00e7as\u0131 olabilecek estetik ve i\u015flevsellik sa\u011flar. Salondan yatak odas\u0131na<\/p>\n","protected":false},"featured_media":432,"comment_status":"open","ping_status":"closed","template":"","meta":[],"product_brand":[],"product_cat":[32],"product_tag":[],"class_list":{"0":"post-431","1":"product","2":"type-product","3":"status-publish","4":"has-post-thumbnail","6":"product_cat-ikinci-el-mobilya","8":"first","9":"instock","10":"sale","11":"shipping-taxable","12":"purchasable","13":"product-type-simple"},"_links":{"self":[{"href":"https:\/\/abidinderki.com\/ikinciel\/wp-json\/wp\/v2\/product\/431","targetHints":{"allow":["GET"]}}],"collection":[{"href":"https:\/\/abidinderki.com\/ikinciel\/wp-json\/wp\/v2\/product"}],"about":[{"href":"https:\/\/abidinderki.com\/ikinciel\/wp-json\/wp\/v2\/types\/product"}],"replies":[{"embeddable":true,"href":"https:\/\/abidinderki.com\/ikinciel\/wp-json\/wp\/v2\/comments?post=431"}],"wp:featuredmedia":[{"embeddable":true,"href":"https:\/\/abidinderki.com\/ikinciel\/wp-json\/wp\/v2\/media\/432"}],"wp:attachment":[{"href":"https:\/\/abidinderki.com\/ikinciel\/wp-json\/wp\/v2\/media?parent=431"}],"wp:term":[{"taxonomy":"product_brand","embeddable":true,"href":"https:\/\/abidinderki.com\/ikinciel\/wp-json\/wp\/v2\/product_brand?post=431"},{"taxonomy":"product_cat","embeddable":true,"href":"https:\/\/abidinderki.com\/ikinciel\/wp-json\/wp\/v2\/product_cat?post=431"},{"taxonomy":"product_tag","embeddable":true,"href":"https:\/\/abidinderki.com\/ikinciel\/wp-json\/wp\/v2\/product_tag?post=431"}],"curies":[{"name":"wp","href":"https:\/\/api.w.org\/{rel}","templated":true}]}}

İkea sallanan koltuk sağlam ve kaliteli tv koltuğu dinlenme

<p><strong>İkea sallanan koltuk sağlam Bu koltuklar,</strong> herhangi bir Ikea Sallanan Sandalye kaç kilo taşır?<br />
IKEA sallanan koltuk minderi yıkanır mı? Sallanan koltuğa ne denir? POÄNG koltuk, boyun için güzel bir destek ve rahat bir esneklik sağlayan bükülmüş<br />
odanın merkezi bir parçası olabilecek estetik ve işlevsellik sağlar. Salondan yatak odasına</p>
