{"id":446,"date":"2024-08-30T10:55:57","date_gmt":"2024-08-30T07:55:57","guid":{"rendered":"https:\/\/abidinderki.com\/ikinciel\/?post_type=product&#038;p=446"},"modified":"2026-01-14T13:35:57","modified_gmt":"2026-01-14T10:35:57","slug":"krom-yemekhane-catering-malzemeleri-iyi-durumda-hurda-lokanta-paslanmaz","status":"publish","type":"product","link":"https:\/\/abidinderki.com\/ikinciel\/urun\/krom-yemekhane-catering-malzemeleri-iyi-durumda-hurda-lokanta-paslanmaz\/","title":{"rendered":"Krom yemekhane catering malzemeleri iyi durumda hurda lokanta paslanmaz"},"content":{"rendered":"","protected":false},"excerpt":{"rendered":"<p>Krom yemekhane catering hurda malzemeleri Pastane Kurulum Malzemeleri \u0130stanbulun Her Semtinden Lokanta Cafe hurda paslanmaz Mutfak Restorant Malzemelerinizi De\u011ferinde Al\u0131yoruz. ikinci el mutfak malzemesi , ikinci el cafe malzemesi , ikinci el lokanta malzemesi. En yeni pastane ekipmanlar\u0131 ile tan\u0131\u015f\u0131n. \u0130\u015fletmenizi<\/p>\n","protected":false},"featured_media":449,"comment_status":"open","ping_status":"closed","template":"","meta":[],"product_brand":[],"product_cat":[31,30],"product_tag":[],"class_list":{"0":"post-446","1":"product","2":"type-product","3":"status-publish","4":"has-post-thumbnail","6":"product_cat-ikinci-el-is-makineleri","7":"product_cat-ikinci-el-beyaz-esya","9":"first","10":"instock","11":"sale","12":"shipping-taxable","13":"purchasable","14":"product-type-simple"},"_links":{"self":[{"href":"https:\/\/abidinderki.com\/ikinciel\/wp-json\/wp\/v2\/product\/446","targetHints":{"allow":["GET"]}}],"collection":[{"href":"https:\/\/abidinderki.com\/ikinciel\/wp-json\/wp\/v2\/product"}],"about":[{"href":"https:\/\/abidinderki.com\/ikinciel\/wp-json\/wp\/v2\/types\/product"}],"replies":[{"embeddable":true,"href":"https:\/\/abidinderki.com\/ikinciel\/wp-json\/wp\/v2\/comments?post=446"}],"wp:featuredmedia":[{"embeddable":true,"href":"https:\/\/abidinderki.com\/ikinciel\/wp-json\/wp\/v2\/media\/449"}],"wp:attachment":[{"href":"https:\/\/abidinderki.com\/ikinciel\/wp-json\/wp\/v2\/media?parent=446"}],"wp:term":[{"taxonomy":"product_brand","embeddable":true,"href":"https:\/\/abidinderki.com\/ikinciel\/wp-json\/wp\/v2\/product_brand?post=446"},{"taxonomy":"product_cat","embeddable":true,"href":"https:\/\/abidinderki.com\/ikinciel\/wp-json\/wp\/v2\/product_cat?post=446"},{"taxonomy":"product_tag","embeddable":true,"href":"https:\/\/abidinderki.com\/ikinciel\/wp-json\/wp\/v2\/product_tag?post=446"}],"curies":[{"name":"wp","href":"https:\/\/api.w.org\/{rel}","templated":true}]}}